. Let k(s) = -s - 8. Let v be k(-11). Let n be p(v). Let f = 28 + n. What is the tens digit of f?
2
Suppose -5*o + 75204 = 8*k, -5*o - 3290 = -k + 6133. What is the units digit of k?
3
Let z be ((-204)/(-6))/(5/735). Suppose 32*o = 25*o + z. What is the units digit of o?
4
Let u = 3991 - 2017. What is the hundreds digit of u?
9
Let p = 75 - 63. What is the units digit of p/10*280/(-84) + 891?
7
Let b(x) be the second derivative of 15*x + 5/6*x**3 + 5/6*x**4 + 0 - 1/20*x**5 + 8*x**2. What is the units digit of b(9)?
2
Let g = 142 - -34. Let d(l) = 4*l - 186. Let k be d(47). What is the tens digit of 32/g - (1780/(-11) - k)?
6
Suppose 0 = -2*w + 170 - 164. Suppose 5*z = c - 176, c + w*c + 3*z = 589. What is the units digit of c?
1
Suppose -2*s - 3*f + 31073 = 0, 407*f - 410*f = s - 15529. What is the hundreds digit of s?
5
Suppose -3*t - 3*z - 6690 = t, 2*z + 1675 = -t. Let w = t + 2805. What is the hundreds digit of w?
1
Let u(j) = 15 + 3 - 10 - j + 14. Let z be u(14). Suppose z*c = 28 + 28. What is the units digit of c?
7
Suppose 5 = 3*q - 4, 0 = -2*g - q + 13. Suppose 0 = -g*n + 10 + 10. Let r(d) = 26*d + 7. What is the hundreds digit of r(n)?
1
Let i(y) = -y - 33. Let a(u) = 1. Let k(v) = -5*a(v) - i(v). Let l(b) = -b**2 - 10*b - 9. Let r be l(-6). What is the units digit of k(r)?
3
Let r(c) = -615*c**3 + 3*c**2 + c - 10. What is the tens digit of r(-2)?
2
Suppose 3128674 = 95*f - 2068624 + 820363. What is the ten thousands digit of f?
4
What is the hundreds digit of 97 + -106 + 14*514?
1
Let q = 18085 - 16651. What is the tens digit of q?
3
Let u(i) = -2*i**2 - 6*i + 2. Let x be u(-3). Suppose -x*z + 8 = 0, -3*z + 1660 = 4*r - 7*z. What is the hundreds digit of r?
4
Let t = 179 - 105. Let o = t - 42. Let j = o - 18. What is the units digit of j?
4
Suppose 0 = -2*h - 3*w - 33, 80 = -5*h - 10*w + 5*w. Let q be (126/h)/(1/(-5)). Let o = 102 - q. What is the units digit of o?
0
Let m(k) = k**2 - 10*k + 27. Let u be m(7). Suppose -r + u = 1. Let x(j) = 3*j**2 + 10*j - 15. What is the hundreds digit of x(r)?
1
Let t = -274 - -314. Suppose 36*l - t*l + 460 = 0. What is the hundreds digit of l?
1
Let d = 43607 + -24024. What is the ten thousands digit of d?
1
Suppose 0 = 2*j - 4, 10*d - 9*d - 5*j = 5298. What is the hundreds digit of d?
3
Let u = 82 + -60. Suppose -u*i = -9827 - 12283. What is the hundreds digit of i?
0
Let p(b) = -b**3 + 10*b**2 - 11*b + 18. Let v be ((3 - 3)/(-3))/(3 - 1). Suppose 16 = 4*t - 2*t + d, v = 4*t + d - 32. What is the tens digit of p(t)?
5
Let c be -1 - (-494)/(-14) - 88/(-308). Let n = 44 + c. Let w(p) = -p**3 + 9*p**2 + 6*p + 15. What is the tens digit of w(n)?
2
Let v(r) be the third derivative of r**6/120 + 13*r**5/60 - r**4/2 - 4*r**3/3 - 22*r**2. Let b be v(-12). Let i = -136 + b. What is the hundreds digit of i?
1
Suppose 5*b - 691 = f, -4*b + 2*b - 705 = f. Let r = f + 1032. What is the units digit of r?
1
Let z = -42 + 41. Let l be (z/1 - -1)/3*-1. Let m = 101 + l. What is the hundreds digit of m?
1
Let a = -161 + 139. What is the units digit of (2505/2)/3*a/(-55)?
7
Let k = 27 + -57. Let r be 5 + 905/(-10) + (-6)/(-12). Let l = k - r. What is the tens digit of l?
5
Let r(h) = -3922*h. Let g(p) = 53*p. Let w(f) = -371*g(f) - 5*r(f). Let t = -6 - -4. What is the hundreds digit of w(t)?
1
Suppose -30*q + 14*q - 160866 = -25*q. What is the tens digit of q?
7
Let w = 20669 - 8828. What is the units digit of w?
1
Let h(s) be the second derivative of -s**4/12 - 25*s**3/3 - 57*s**2/2 + 118*s. What is the tens digit of h(-22)?
5
Let t = 45366 - 13889. What is the thousands digit of t?
1
Suppose -3*v = -4*j + 173536, 41*j + v = 39*j + 86758. What is the tens digit of j?
8
Let z = 37898 + -26002. What is the units digit of z?
6
Let a be ((-3)/4)/((-6)/32). Let o be 259/14 - (-6)/a. Suppose -9*c = -o*c + 2871. What is the tens digit of c?
6
Suppose 0 = t - 4*t + 15. Suppose -2*r - 4*l - 20 = -r, t*r - 2*l = 10. Suppose -41*h + 39*h + 302 = r. What is the hundreds digit of h?
1
What is the units digit of -2 - (-369290)/(-30)*-3 - 11?
6
Let c = -1040 - -1043. Let a be 3 + -2*(-2)/4. What is the units digit of c/a + 2 + 322/8?
3
Suppose -4*i - f = -8, -i + 4*f = 2*f - 2. Suppose -i*d - 21 = -77. Let q = 7 + d. What is the tens digit of q?
3
Suppose 5*k + 3*w - 14 = 4*w, -18 = -k + 4*w. Let j(r) = -91*r - 88*r + 177*r + 17*r**3 + 2*r**2 - 6*r**3. What is the tens digit of j(k)?
9
Suppose -f - 80*m + 3710 = -79*m, 3*f + 4*m = 11135. What is the thousands digit of f?
3
Let j be -7 + 9/(-2)*(-2)/(-3). Let b(w) = -43*w + 34. Let q be b(j). Suppose -h - 5*y + 98 = 0, 4*h - 24 = 4*y + q. What is the tens digit of h?
1
Let h be 328/(-492) + 314*11/6. Let r = 604 - h. What is the units digit of r?
9
Suppose 229*j - 1099332 = 107*j + 95*j. What is the tens digit of j?
1
Let d(t) = 477 + 7*t - 492 - 9*t**2 + 11*t**3 + t**2. What is the tens digit of d(5)?
9
Suppose 5*h - 31 = g - 2*g, h = g + 11. Suppose -1500 - 1244 = -h*p. What is the hundreds digit of p?
3
Let r(l) = -l**3 - 23*l**2 - 23*l + 30. Let c be 92/6*(-6)/4. Let t be r(c). Suppose 2*x + 5*h = 329, -3*x = h - t + 33. What is the tens digit of x?
7
Let t = 8718 - -5439. What is the ten thousands digit of t?
1
Let g(k) = -3*k - 30. Let n(w) = 3*w + 31. Let q(a) = -4*g(a) - 5*n(a). Let j be q(-11). What is the units digit of 16/(-10)*((-15)/j)/(-3)?
4
Let t(r) = 4*r**2 + 105*r + 31. Let d be t(-26). What is the tens digit of (612/15)/(-1 + 7/d)?
0
Let k be ((-96)/(-64))/((-1)/(-1054)). Let d = -553 + k. What is the tens digit of d?
2
Let m(n) = 9*n - 63. Let c be m(7). Suppose 0*r + 2*r + 3619 = 5*v, c = v - r - 725. What is the units digit of v?
3
Let v(n) = 49*n + 100. Let s(r) = 2. Let g(a) = 6*s(a) + v(a). What is the tens digit of g(13)?
4
Let s be (-3)/4 + 99/(-44). Let f be ((-4)/s)/(8/42). Suppose -f*n + 204 = -4*n. What is the tens digit of n?
6
Let u = -125 + 85. Let y = u + 126. Let k = -50 + y. What is the tens digit of k?
3
Let w(y) = 10*y**2 + 2*y - 10. Suppose 2*g + 2*i = 18, -5*i + 25 = 2*g - 5. Let j be w(g). Let o = 416 - j. What is the units digit of o?
6
Let q(s) = -s**3 + 11*s**2 - 31*s + 98. Let t be q(9). Let a(l) = -74*l - 286. What is the hundreds digit of a(t)?
1
What is the units digit of 2103048/64 + 4/(-32)?
0
Suppose -88*s + 11883924 = 380*s. What is the hundreds digit of s?
3
Suppose -91*z + 573145 = -559532. What is the units digit of z?
7
Let i(d) = -2*d**2 + 23*d + 4. Let a be i(11). Suppose -26*f = -23*f - a. Suppose -225 = -8*s + f*s. What is the tens digit of s?
7
Suppose -f - 15 + 3 = -4*u, 5*f - 40 = -5*u. Suppose u*y = -5*t + 2272, 0 = -y - 0*y - 2. What is the tens digit of t?
5
Let t(s) be the first derivative of 2/3*s**3 - 5/2*s**2 - 1 + 4*s + 5/4*s**4. What is the tens digit of t(2)?
4
Let s(l) = -565*l - 21. Let m be s(-2). Let b = m - 587. What is the hundreds digit of b?
5
Let m(t) = -10*t - 1. Suppose 2*n + r + 3 = -2, 16 = -4*n - 4*r. Let f be m(n). Suppose f*d - 407 = 106. What is the tens digit of d?
5
Let z be ((-33)/(-99) + 1/(-3))/2. Suppose s = -2*p - z*p + 1641, 3*s - 2457 = -3*p. What is the hundreds digit of p?
8
Let z = -238 + 242. Let r(g) = 29*g**2 - 12. What is the hundreds digit of r(z)?
4
Let g(k) = -12*k - 74. Let p be g(-10). What is the units digit of p/(-184) - (1593/(-4))/1?
8
Let b = 78 - 66. Suppose -2*d = b - 16. What is the tens digit of (d - (0 + 1)) + -2 + 110?
0
Let r = 637 + -538. Suppose 98*z - r*z + 1222 = 0. What is the hundreds digit of z?
2
Suppose 0*n - 4*n = h - 731, 2*h - 547 = -3*n. Suppose -15*s = 5*b - 20*s - 905, n = b - 2*s. What is the hundreds digit of b?
1
Let r be 26 + 4/(-4)*1. Suppose -25 = -4*l - r. Suppose 5*y - 368 = -4*p + y, 5*p + y - 480 = l. What is the units digit of p?
7
Suppose b + 5*u + 279 = -0*b, 0 = -2*b + 2*u - 534. Let a = b + 111. Let r = -110 - a. What is the units digit of r?
8
Let p(a) = a**3 + 11*a**2 + 7*a - 10. Let v(d) = -d**3 - 8*d**2 + 10*d + 1. Let c be v(-9). Let o be p(c). Suppose 6*w = 168 + o. What is the units digit of w?
9
Let a = -17925 + 33470. What is the thousands digit of a?
5
Let j = 26723 - 1425. What is the tens digit of j?
9
Suppose 0 = 2*p + 3*b + 2*b - 29, 3*p + 4*b = 26. Suppose 3257 = 3*c + 4*g, 14*c = 13*c + p*g + 1089. What is th